 - 1. Give r(-5).
94
Let a(u) = -386*u + 2398. What is a(6)?
82
Let c(f) = 5*f**2 - 394*f + 395. Calculate c(1).
6
Let u(j) = j**3 + 3*j**2 - 11*j + 15. Determine u(5).
160
Let n(l) = -5662*l - 322726. Determine n(-57).
8
Let u(m) = -3*m**2 - 188*m - 543. What is u(-3)?
-6
Let d(f) = -34*f + 781. Give d(22).
33
Let r(y) = y**2 - 24*y - 204. Calculate r(31).
13
Let t(r) = -r**3 + 48*r**2 - 343*r - 258. Determine t(39).
54
Let r(k) = 43*k**2 + 520*k + 29. Calculate r(-12).
-19
Let o(d) = -d**3 + 7*d**2 + 4*d - 12. Determine o(8).
-44
Let o(h) = h**2 + 16*h - 2131. Calculate o(-55).
14
Let y(v) = 321*v - 1586. What is y(5)?
19
Let d(g) = -13*g - 20. Calculate d(-3).
19
Let c(l) = 56*l - 1076. What is c(17)?
-124
Let l(t) = -t**3 - 116*t**2 - 966*t - 325. Give l(-107).
-4
Let j(t) = t**3 + 28*t**2 + 22*t + 269. Give j(-27).
404
Let t(b) = -728*b**2 + 1445*b + 16. Determine t(2).
-6
Let x(t) = 248*t + 7688. Determine x(-31).
0
Let q(p) = -2*p**2 + 48*p + 265. What is q(26)?
161
Let i(t) = 2*t**2 - 152*t - 316. Give i(-2).
-4
Let z(k) = -721*k + 28123. Determine z(39).
4
Let h(k) = k**3 - 6*k**2 - 37*k + 204. Give h(5).
-6
Let a(z) = -z**2 + 33*z + 26. Determine a(0).
26
Let s(o) = 985*o + 53221. Give s(-54).
31
Let l(z) = 2*z**3 - 24*z**2 - 12*z - 183. Determine l(13).
-1
Let u(l) = -172*l - 2256. Determine u(-13).
-20
Let y(u) = -2*u**2 - 252*u - 1650. Give y(-7).
16
Let z(p) = -390*p + 3. Determine z(0).
3
Let n(p) = -p**3 + 11*p**2 + 8*p - 79. Determine n(11).
9
Let g(x) = -x**3 + 3*x**2 + 6*x + 1. Give g(4).
9
Let y(f) = -f**2 - 8*f + 615. Give y(21).
6
Let z(n) = -85*n - 1586. What is z(-20)?
114
Let a(v) = -v**3 - 29*v**2 + 65*v + 89. Calculate a(-31).
-4
Let q(u) = 10*u**2 + 1332*u + 254. Calculate q(-133).
-12
Let j(g) = g**3 + 27*g**2 - 285*g + 29. Determine j(8).
-11
Let c(i) = -25*i + 2372. Give c(94).
22
Let i(u) = 3243*u - 29173. Calculate i(9).
14
Let b(v) = -2*v**2 + 81*v - 519. Give b(33).
-24
Let p(b) = 5*b**2 + 4*b - 64. Give p(6).
140
Let x(p) = -248*p**3 + p**2. What is x(-1)?
249
Let u(f) = -4*f**2 - 301*f - 362. What is u(-74)?
8
Let a(f) = 19250*f**2 - 38500*f. Determine a(2).
0
Let i(j) = 713*j - 7120. Determine i(10).
10
Let k(y) = -396*y**3 + 3*y - 5. What is k(1)?
-398
Let l(w) = -90*w + 80. What is l(1)?
-10
Let x(l) = 2*l**3 - 71*l**2 + 82*l + 676. Determine x(34).
-4
Let c(d) = d**2 - 51*d + 754. Calculate c(30).
124
Let a(w) = -8*w**2 - 30*w + 65. Determine a(3).
-97
Let j(s) = 4*s**3 + 97*s**2 + 113*s - 26. Give j(-23).
20
Let l(d) = d**3 + 14*d**2 + 40*d - 32. Give l(-8).
32
Let u(t) = -5*t**3 + 27*t**2 - 25*t + 100. Determine u(5).
25
Let d(q) = -q**2 + 24*q + 1300. What is d(50)?
0
Let i(g) = 1302*g + 9136. Give i(-7).
22
Let m(z) = -z**3 + 9*z**2 - 64*z + 437. What is m(8)?
-11
Let z(m) = -m**2 + 17*m + 256. Determine z(0).
256
Let k(j) = j**3 + 91*j**2 + 579*j - 4. Determine k(-7).
59
Let x(f) = -f**3 - 9*f**2 - 23*f - 10. Calculate x(-6).
20
Let a(d) = 599*d + 6. What is a(0)?
6
Let d(z) = z**3 + 7*z**2 - 32*z - 3. Give d(-10).
17
Let g(b) = 366*b**3 - 4*b**2 - 6*b - 2. Give g(-1).
-366
Let d(l) = l**3 - 10*l**2 - 17*l + 85. What is d(11)?
19
Let z(w) = -w**3 + 19*w**2 - 179*w + 3972. Determine z(20).
-8
Let w(h) = h**3 - 3*h + 26. Calculate w(0).
26
Let l(g) = g**3 + 25*g**2 + 103*g - 110. What is l(-22)?
-924
Let i(t) = -146*t - 10509. Determine i(-72).
3
Let p(s) = -s**3 + 27*s**2 - 27*s + 7. Determine p(26).
-19
Let t(z) = 212*z + 3586. Determine t(-17).
-18
Let f(u) = u**3 + 30*u**2 - 252*u + 258. Calculate f(-37).
-1
Let r(d) = -4*d**3 + 22*d**2 + 6*d + 10. Give r(6).
-26
Let j(z) = -3*z**2 + 511*z + 3046. Give j(-6).
-128
Let z(j) = -11043*j - 99387. Give z(-9).
0
Let h(d) = 139*d - 482. Determine h(4).
74
Let x(k) = -114*k + 3329. Determine x(30).
-91
Let t(s) = -s**2 + 112*s - 1405. Calculate t(98).
-33
Let b(s) = -s**3 - 23*s**2 + 153*s + 115. What is b(6)?
-11
Let q(d) = 2*d**2 + 141*d + 1269. Give q(-60).
9
Let h(m) = 147*m - 684. Give h(5).
51
Let i(g) = -g**3 - 22*g**2 - 112*g + 9. Determine i(-8).
9
Let z(y) = -y**2 - 11*y - 26. What is z(-7)?
2
Let b(c) = 28*c - 1580. Determine b(56).
-12
Let u(r) = -837*r + 4187. What is u(5)?
2
Let m(s) = -s**2 + 98*s + 922. What is m(-9)?
-41
Let o(r) = r**3 + 36*r**2 + 40*r - 865. Give o(-34).
87
Let i(h) = -250*h - 2155. Give i(-8).
-155
Let a(c) = 13*c + 52. Give a(-8).
-52
Let t(r) = 51*r - 1562. Give t(31).
19
Let l(s) = -s**3 - 27*s**2 + 17*s + 63. Give l(-27).
-396
Let h(j) = -3*j**3 + 3*j**2 + 3*j. What is h(3)?
-45
Let a(t) = -85*t**2 + 96*t - 94. Calculate a(1).
-83
Let x(p) = 222*p - 8636. Give x(39).
22
Let d(y) = -303*y + 2834. Calculate d(10).
-196
Let m(v) = 2*v**2 - 130*v + 1182. Give m(11).
-6
Let w(k) = 2*k**3 - 5*k**2 - 3*k + 6. Determine w(0).
6
Let r(s) = -1472*s - 7334. Determine r(-5).
26
Let l(z) = z**3 - 9*z**2 - 23*z - 156. Determine l(12).
0
Let t(j) = 1747*j - 34931. Calculate t(20).
9
Let f(j) = j**2 - 25*j - 106. What is f(29)?
10
Let n(m) = m**3 - 50*m**2 - 100*m - 163. Calculate n(52).
45
Let c(y) = 54*y + 395. Give c(-6).
71
Let p(c) = -2*c**2 - 75*c + 83. Determine p(-39).
-34
Let g(f) = -f**2 + 212*f - 2228. Calculate g(11).
-17
Let l(i) = 3*i**2 + 150*i + 33. Calculate l(-50).
33
Let s(x) = 91*x + 504. Give s(-6).
-42
Let d(s) = 4*s**3 + 19*s**2 - 9*s - 8. What is d(-5)?
12
Let c(b) = 11*b - 1190. What is c(106)?
-24
Let l(a) = 5*a**2 + 198*a - 1226. Determine l(-45).
-11
Let g(z) = -z**3 + 203*z**2 + 207*z - 607. Calculate g(204).
5
Let m(t) = -t**2 + 8*t + 235. Give m(-10).
55
Let x(j) = 1947*j - 46699. What is x(24)?
29
Let i(n) = -10*n + 128. Calculate i(-11).
238
Let v(o) = 64*o - 1965. Calculate v(32).
83
Let i(j) = 12*j - 3. What is i(0)?
-3
Let l(t) = 50*t**2 - 501*t + 1. Calculate l(10).
-9
Let y(q) = -q**2 + 73*q - 205. What is y(3)?
5
Let j(g) = -9*g - 63. Determine j(17).
-216
Let k(h) = -h**3 + 39*h**2 - 13*h + 486. Determine k(39).
-21
Let q(n) = -80*n + 2248. Determine q(28).
8
Let k(l) = -2*l**3 + 39*l**2 - 25*l + 126. Calculate k(19).
12
Let h(d) = d**2 - 25*d + 26. What is h(14)?
-128
Let m(q) = 2*q**2 + 30*q - 308. What is m(-26)?
264
Let d(b) = 8141*b - 65131. Determine d(8).
-3
Let z(u) = -879*u - 4363. Give z(-5).
32
Let o(b) = 27*b**2 - 6*b - 32. What is o(-4)?
424
Let k(x) = -6*x + 15. Give k(-51).
321
Let q(j) = -4*j**2 + 26*j + 129. Calculate q(-6).
-171
Let w(i) = i**2 - i - 256. Give w(21).
164
Let n(g) = -g**3 + 9*g**2 - 12*g + 20. What is n(8)?
-12
Let f(n) = -268*n - 15266. Determine f(-57).
10
Let q(o) = 2*o**3 + 73*o**2 + 23*o - 477. Calculate q(-36).
-9
Let f(o) = 23*o + 217. What is f(-6)?
79
Let l(s) = s**2 + 66*s - 4090. Calculate l(39).
5
Let d(o) = -71*o + 3921. What is d(56)?
-55
Let t(f) = f**2 - 14*f + 49. Give t(8).
1
Let w(v) = -2*v**3 - 65*v**2 + 32*v - 65. Determine w(-33).
-32
Let h(b) = 2*b**3 + 7*b**2 - 10*b + 98. Give h(-7).
-175
Let h(s) = 47*s**2 - 56*s + 21. Calculate h(4).
549
Let u(y) = -55*y - 2142. Determine u(-39).
3
Let k(r) = -23*r + 293. Calculate k(11).
40
Let z(n) = -n**2 + 1702*n + 138. Calculate z(0).
138
Let g(n) = -2*n**3 + 32*n**2 + n - 27. Give g(16).
-11
Let t(a) = -a**3 - 14*a**2 - 21*a - 49. What is t(-12)?
-85
Let f(o) = -2*o**3 - 27*o**2 - 3430*o - 44415. Give f(-13).
6
Let m(o) = -3255*o + 9. Determine m(0).
9
Let i(m) = m**3 - 15*m**2 + 84*m - 171. What is i(6)?
9
Let b(r) = r**3 + 127*r**2 - 130*r - 268. Give b(-128).
-12
Let a(g) = -185*g - 11655. Calculate a(-63).
0
Let j(x) = 30*x - 747. Give j(25).
3
Let o(b) = -1016*b + 1020. Give o(1).
4
Let z(y) = -119*y**2 - 6190*y - 102. What is z(-52)?
2
Let z(y) = 342*y - 109. What is z(1)?
233
Let c(z) = z**3 - 15*z**2 - 204*z + 3. Give c(-8).
163
Let t(s) = 4*s**2 - 13*s - 111. Determine t(7).
-6
Let g(j) = -842*j - 853. Give g(-1).
-11
Let p(y) = -y**2 - 26*y - 50. Give p(-24).
-2
Let b(t) = 17*t + 1763. Determine b(-104).
-5
Let f(q) = 109*q + 2173. Give f(-20).
-7
Let u(z) = -35*z - 485. Calculate u(-14).
5
Let d(t) = t**3 - 89*t**2 - 374*t + 152. Give d(93).
-34
Let v(q) = 14*q - 865. Calculate v(61).
-11
Let z(u) = -3*u + 57. Calculate z(23).
-12
Let j(r) = -4*r**3 - 8*r**2 - 33*r + 14. Calculate j(-4).
274
Let l(o) = o**2 - 177*o - 5061. Determine l(202).
-11
Let c(o) = -o**2 - 58*o - 419. G